{"id":3600,"date":"2020-12-22T13:15:34","date_gmt":"2020-12-22T10:15:34","guid":{"rendered":"http:\/\/negba.org\/negba2018\/?page_id=3600"},"modified":"2024-02-29T11:36:28","modified_gmt":"2024-02-29T08:36:28","slug":"dons-en-israel","status":"publish","type":"page","link":"https:\/\/negba.org\/negba2018\/fr\/faire-un-don\/dons-en-israel\/","title":{"rendered":"Dons en Isra\u00ebl"},"content":{"rendered":"\n<p><em><strong>Vous recevrez un re\u00e7u correspondant \u00e0 votre participation vous donnant droit \u00e0 une d\u00e9duction fiscale en Isra\u00ebl selon l\u2019article 46.<\/strong><\/em><\/p>\n\n\n\n<h3 class=\"wp-block-heading has-text-align-center has-text-color\" style=\"color:#f04d43\"><br><strong>En ligne de fa\u00e7on rapide et s\u00e9curis\u00e9e par carte de cr\u00e9dit ou via l&rsquo;application Bit :<br><\/strong><a href=\"https:\/\/www.jgive.com\/new\/en\/ils\/donation-targets\/122990\"><img decoding=\"async\" class=\"wp-image-5919\" style=\"width: 362px; margin:5px;\" src=\"https:\/\/negba.org\/negba2018\/wp-content\/uploads\/2018\/08\/cb.png\" alt=\"\"><\/a><br><a href=\"https:\/\/www.jgive.com\/new\/en\/ils\/donation-targets\/122990\"><img decoding=\"async\" class=\"wp-image-5919\" style=\"width: 60px; margin:5px;\" src=\"https:\/\/negba.org\/negba2018\/wp-content\/uploads\/2018\/08\/bit60.png\" alt=\"\"><\/a><\/h3>\n\n\n\n<hr class=\"wp-block-separator has-alpha-channel-opacity\"\/>\n\n\n\n<h3 class=\"wp-block-heading has-text-align-center\"><strong><span style=\"color:#789ec9\" class=\"color\">En ligne, avec un compte Paypal :<\/span><br><\/strong><a href=\"https:\/\/www.paypal.com\/donate?hosted_button_id=N9DBXH9VL7HQN\"><img decoding=\"async\" class=\"wp-image-5919\" style=\"width: 60px; margin:5px;\" src=\"https:\/\/negba.org\/negba2018\/wp-content\/uploads\/2018\/08\/Ppal.png\" alt=\"\"><\/a><\/h3>\n\n\n\n<hr class=\"wp-block-separator has-alpha-channel-opacity\"\/>\n\n\n\n<h3 class=\"wp-block-heading has-text-align-center\"><span style=\"color:#fdbb2f\" class=\"color\"><strong>Par virement bancaire :<\/strong><\/span><\/h3>\n\n\n\n<figure class=\"wp-block-table\"><table><tbody><tr><td><strong>Titulaire du compte<\/strong><\/td><td>Association NEGBA<\/td><\/tr><tr><td><strong>Adresse du titulaire<\/strong><\/td><td>10 rehov Shimon Ben Shatakh, 8460410, Beer-Sheva, Isra\u00ebl<\/td><\/tr><tr><td><strong>Nom de la banque<\/strong><\/td><td>Bank Leumi Le-Israel B.M<\/td><\/tr><tr><td><strong>Code banque<\/strong><\/td><td>10<\/td><\/tr><tr><td><strong>Code agence<\/strong><\/td><td>921<\/td><\/tr><tr><td><strong>Adresse de l&rsquo;agence<\/strong><\/td><td>Rehov HeHalutz 90, Beer Sheva, Isra\u00ebl<\/td><\/tr><tr><td><strong>SWIFT<\/strong><\/td><td>LUMIILITXXX<\/td><\/tr><tr><td><strong>Num\u00e9ro de compte<\/strong><\/td><td>701700\/92<\/td><\/tr><tr><td><strong>IBAN<\/strong><\/td><td>IL410109210000070170092<\/td><\/tr><\/tbody><\/table><\/figure>\n\n\n\n<p><strong>Afin de confirmer la bonne r\u00e9ception de votre don, et surtout pour pouvoir \u00e9diter le re\u00e7u fiscal, il est important d&rsquo;envoyer vos nom, pr\u00e9nom, adresse postale, email et t\u00e9l\u00e9phone \u00e0 <a href=\"mailto:deborah@negba.org\">deborah@negba.org<\/a>.<br>Merci d&rsquo;avance.<\/strong><\/p>\n\n\n\n<hr class=\"wp-block-separator has-alpha-channel-opacity\"\/>\n\n\n\n<h3 class=\"wp-block-heading has-text-align-center\"><span style=\"color:#ed2790\" class=\"color\"><strong>Par ch\u00e8que :<\/strong><\/span><\/h3>\n\n\n\n<p><strong>Adressez votre ch\u00e8que \u00e0 :<br><\/strong>NEGBA,<br>10 rehov Shimon Ben Shatakh<br>8460410 Beer-Sheva, Isra\u00ebl<\/p>\n\n\n\n<hr class=\"wp-block-separator has-alpha-channel-opacity\"\/>\n\n\n\n<h3 class=\"wp-block-heading has-text-align-center\"><span style=\"color:#00ab93\" class=\"color\"><strong>Arrondir vos d\u00e9penses au shekel sup\u00e9rieur (\u05e2\u05d9\u05d2\u05d5\u05dc \u05dc\u05d8\u05d5\u05d1\u05d4) au profit de Negba :<\/strong><\/span><br><a href=\"https:\/\/www.igul.org.il\/amutot\/%d7%a0%d7%92%d7%91%d7%94-%d7%99%d7%9c%d7%93%d7%99%d7%9d-%d7%95%d7%a0%d7%95%d7%a2%d7%a8-%d7%91%d7%95%d7%a0%d7%99%d7%9d-%d7%a2%d7%aa%d7%99%d7%93\/\"><img decoding=\"async\" class=\"wp-image-5919\" style=\"width: 120px; margin:5px;\" src=\"https:\/\/negba.org\/negba2018\/wp-content\/uploads\/2018\/08\/\u05e2\u05d9\u05d2\u05d5\u05dc-\u05dc\u05d8\u05d5\u05d1\u05d4.png\" alt=\"\"><\/a><\/h3>\n\n\n<div class=\"wp-block-image\">\n<figure class=\"aligncenter size-large\"><img decoding=\"async\" src=\"https:\/\/negba.org\/negba2018\/wp-content\/uploads\/2018\/08\/IMG_3031-640.jpg\" alt=\"\"\/><\/figure>\n<\/div>","protected":false},"excerpt":{"rendered":"<p>Vous recevrez un re\u00e7u correspondant \u00e0 votre participation vous donnant droit \u00e0 une d\u00e9duction fiscale en Isra\u00ebl selon l\u2019article 46. En ligne de fa\u00e7on rapide et s\u00e9curis\u00e9e par carte de cr\u00e9dit ou via l&rsquo;application Bit : En ligne, avec un compte Paypal : Par virement bancaire : Titulaire du compte&hellip; <\/p>\n","protected":false},"author":1,"featured_media":0,"parent":104,"menu_order":2,"comment_status":"closed","ping_status":"closed","template":"","meta":{"footnotes":""},"class_list":["post-3600","page","type-page","status-publish","hentry"],"jetpack_shortlink":"https:\/\/wp.me\/P9TfAG-W4","jetpack_sharing_enabled":true,"jetpack_likes_enabled":true,"_links":{"self":[{"href":"https:\/\/negba.org\/negba2018\/wp-json\/wp\/v2\/pages\/3600","targetHints":{"allow":["GET"]}}],"collection":[{"href":"https:\/\/negba.org\/negba2018\/wp-json\/wp\/v2\/pages"}],"about":[{"href":"https:\/\/negba.org\/negba2018\/wp-json\/wp\/v2\/types\/page"}],"author":[{"embeddable":true,"href":"https:\/\/negba.org\/negba2018\/wp-json\/wp\/v2\/users\/1"}],"replies":[{"embeddable":true,"href":"https:\/\/negba.org\/negba2018\/wp-json\/wp\/v2\/comments?post=3600"}],"version-history":[{"count":33,"href":"https:\/\/negba.org\/negba2018\/wp-json\/wp\/v2\/pages\/3600\/revisions"}],"predecessor-version":[{"id":6126,"href":"https:\/\/negba.org\/negba2018\/wp-json\/wp\/v2\/pages\/3600\/revisions\/6126"}],"up":[{"embeddable":true,"href":"https:\/\/negba.org\/negba2018\/wp-json\/wp\/v2\/pages\/104"}],"wp:attachment":[{"href":"https:\/\/negba.org\/negba2018\/wp-json\/wp\/v2\/media?parent=3600"}],"curies":[{"name":"wp","href":"https:\/\/api.w.org\/{rel}","templated":true}]}}