{"id":3378,"date":"2020-07-22T09:17:39","date_gmt":"2020-07-22T06:17:39","guid":{"rendered":"http:\/\/negba.org\/negba2018\/?page_id=3378"},"modified":"2020-07-23T08:24:21","modified_gmt":"2020-07-23T05:24:21","slug":"fonds-de-lesperance","status":"publish","type":"page","link":"https:\/\/negba.org\/negba2018\/fr\/activites\/fonds-de-lesperance\/","title":{"rendered":"Fonds de l&rsquo;Esp\u00e9rance"},"content":{"rendered":"\n<p>Le Fonds de l&rsquo;Esp\u00e9rance (Keren HaTikvah) a \u00e9t\u00e9 cr\u00e9\u00e9&nbsp;par l&rsquo;Association Negba afin de fournir une&nbsp;assistance&nbsp;sp\u00e9ciale aux familles en situation d&rsquo;urgence.<\/p>\n\n\n\n<p>Souvent, les parents ont du mal \u00e0 subvenir \u00e0 leurs besoins et \u00e0 ceux de leurs enfants. Le Fonds propose des solutions dans les domaines suivants&nbsp;:<\/p>\n\n\n\n<div class=\"wp-block-group\"><div class=\"wp-block-group__inner-container is-layout-flow wp-block-group-is-layout-flow\">\n<div class=\"wp-block-group\"><div class=\"wp-block-group__inner-container is-layout-flow wp-block-group-is-layout-flow\">\n<div class=\"wp-block-group\"><div class=\"wp-block-group__inner-container is-layout-flow wp-block-group-is-layout-flow\">\n<div class=\"wp-block-group is-layout-flow wp-block-group-is-layout-flow\"><div class=\"wp-block-group__inner-container\"><\/div><\/div>\n<\/div><\/div>\n<\/div><\/div>\n\n\n\n<p>\u2022\u00a0Aide \u00e0 l&rsquo;alimentation ; <br>\u2022\u00a0R\u00e9parations urgentes dans les maisons familiales (r\u00e9frig\u00e9rateur en panne, vitres cass\u00e9es\u2026) ;<br>\u2022\u00a0Achat de\u00a0produits d&rsquo;hygi\u00e8ne, de produits pour b\u00e9b\u00e9 ou\u00a0achat de m\u00e9dicaments essentiels ;<br>\u2022\u00a0Aide au\u00a0paiement\u00a0des\u00a0factures courantes dans des situations d&rsquo;urgence.<br>\u2022\u00a0Aide psychologique et \u00e9motionnelle par des professionnels pour enfants.<\/p>\n<\/div><\/div>\n\n\n\n<p>La demande d&rsquo;aide au\u00a0Fonds de l&rsquo;Esp\u00e9rance est faite par l&rsquo;assistant\u00a0social de l&rsquo;association et est rapidement examin\u00e9e par la direction de Negba.<\/p>\n\n\n\n<p>L&rsquo;aide est alors fournie&nbsp;imm\u00e9diatement et l&rsquo;argent est transf\u00e9r\u00e9 directement aux&nbsp;prestataires&nbsp;de services. Un grand nombre d&rsquo;entre eux&nbsp;accueillent favorablement cette&nbsp;initiative et&nbsp;sont sensibles \u00e0&nbsp;la responsabilit\u00e9 sociale d&rsquo;aider&nbsp;ces familles&nbsp;et d\u2019y&nbsp;apporter leur contribution.<\/p>\n\n\n\n<p>De plus, dans des situations particuli\u00e8res o\u00f9 les activit\u00e9s r\u00e9guli\u00e8res de l&rsquo;association doivent s\u2019arr\u00eater (situations s\u00e9curitaires, \u00e9pid\u00e9mie de Corona\u2026),&nbsp;le Fonds&nbsp;se mobilise \u00e9galement pour accompagner les familles dans les domaines suivants&nbsp;:<\/p>\n\n\n\n<p>\u2022&nbsp;Fourniture de kits d&rsquo;activit\u00e9s et de&nbsp;loisirs&nbsp;pour les enfants, y compris des jeux de soci\u00e9t\u00e9&nbsp;;<br>\u2022&nbsp;Assistance informatique&nbsp;et moyens de communication.<\/p>\n","protected":false},"excerpt":{"rendered":"<p>Le Fonds de l&rsquo;Esp\u00e9rance (Keren HaTikvah) a \u00e9t\u00e9 cr\u00e9\u00e9&nbsp;par l&rsquo;Association Negba afin de fournir une&nbsp;assistance&nbsp;sp\u00e9ciale aux familles en situation d&rsquo;urgence. Souvent, les parents ont du mal \u00e0 subvenir \u00e0 leurs besoins et \u00e0 ceux de leurs enfants. Le Fonds propose des solutions dans les domaines suivants&nbsp;: \u2022\u00a0Aide \u00e0 l&rsquo;alimentation ;&hellip; <\/p>\n","protected":false},"author":1,"featured_media":3368,"parent":68,"menu_order":6,"comment_status":"closed","ping_status":"closed","template":"","meta":{"footnotes":""},"class_list":["post-3378","page","type-page","status-publish","has-post-thumbnail","hentry"],"jetpack_shortlink":"https:\/\/wp.me\/P9TfAG-Su","jetpack_sharing_enabled":true,"jetpack_likes_enabled":true,"_links":{"self":[{"href":"https:\/\/negba.org\/negba2018\/wp-json\/wp\/v2\/pages\/3378","targetHints":{"allow":["GET"]}}],"collection":[{"href":"https:\/\/negba.org\/negba2018\/wp-json\/wp\/v2\/pages"}],"about":[{"href":"https:\/\/negba.org\/negba2018\/wp-json\/wp\/v2\/types\/page"}],"author":[{"embeddable":true,"href":"https:\/\/negba.org\/negba2018\/wp-json\/wp\/v2\/users\/1"}],"replies":[{"embeddable":true,"href":"https:\/\/negba.org\/negba2018\/wp-json\/wp\/v2\/comments?post=3378"}],"version-history":[{"count":3,"href":"https:\/\/negba.org\/negba2018\/wp-json\/wp\/v2\/pages\/3378\/revisions"}],"predecessor-version":[{"id":3383,"href":"https:\/\/negba.org\/negba2018\/wp-json\/wp\/v2\/pages\/3378\/revisions\/3383"}],"up":[{"embeddable":true,"href":"https:\/\/negba.org\/negba2018\/wp-json\/wp\/v2\/pages\/68"}],"wp:featuredmedia":[{"embeddable":true,"href":"https:\/\/negba.org\/negba2018\/wp-json\/wp\/v2\/media\/3368"}],"wp:attachment":[{"href":"https:\/\/negba.org\/negba2018\/wp-json\/wp\/v2\/media?parent=3378"}],"curies":[{"name":"wp","href":"https:\/\/api.w.org\/{rel}","templated":true}]}}